is the greatest common divisor of j and x?
33
Let t = -93 + 151. Let r be -4 + 1 - (-80)/16. What is the greatest common factor of t and r?
2
Let v be (-24)/(-14)*(-4480)/(-120). Let n be ((-72)/48)/((-3)/v). What is the highest common factor of n and 296?
8
Let b(j) = -27*j - 7. Let t be b(-6). Let w = 185 - t. Calculate the greatest common factor of 270 and w.
30
Suppose -73*z = -71*z - 2*t - 8, -3*t = 5*z - 84. Let y(w) = -w**3 - 3*w**2 + 8*w + 4. Let g be y(-5). Calculate the greatest common divisor of z and g.
2
Suppose -3*q + 1028 = -23*x + 27*x, -3*q - x = -1040. What is the highest common divisor of 551 and q?
29
Let z(g) = -g**2 + 445*g + 12865. Let n be z(-27). What is the highest common divisor of n and 176?
11
Suppose 11*j - 6*j - 1505 = o, -5*j - 3*o + 1485 = 0. Suppose -50*p + 55*p - j = 0. Calculate the greatest common factor of p and 1140.
60
Let f(y) = 615*y - 6009. Let k be f(15). What is the highest common divisor of k and 7638?
402
Suppose 0 = 2*f + 2*t - 6*t + 158, -4*t + 304 = -4*f. Let q = f + 82. Calculate the greatest common divisor of q and 6.
3
Suppose 0 = -42*r + 24*r + 35*r - 36550. Calculate the greatest common factor of r and 344.
86
Let d = 68 - 67. Let p = -17 - -41. Suppose -p - 11 = -5*x. What is the greatest common divisor of d and x?
1
Let k be 2 + (-4 - 0 - -4). Suppose 240 = 2*m + k*m. Calculate the highest common factor of m and 36.
12
Let o = 13022 - 12311. Calculate the greatest common factor of 36 and o.
9
Suppose 4*z + 42*y - 246 = 41*y, y - 308 = -5*z. What is the highest common divisor of 93 and z?
31
Suppose 0*k = 5*r + k - 101, 5*k = -20. Suppose -3*z - 4*i = -553, -39*z + 44*z + 2*i - 889 = 0. What is the highest common factor of r and z?
7
Let t(s) = 32*s**2 + 44*s + 109. Let j be t(-4). What is the greatest common divisor of j and 7387?
89
Let c be 4/14 + (-604)/7 + 2. Let a be c/9*(-231)/14. Suppose -4*q - a = -3*k, -k - 2*k + 166 = 2*q. What is the highest common divisor of 27 and k?
27
Let b = -1206 - -1214. Calculate the greatest common divisor of b and 44.
4
Suppose -4*z - 2*g = -350, -4*z + 341 = -2*g + g. Let a = -193 - -322. What is the highest common factor of a and z?
43
Let n = 24208 + -24168. Calculate the greatest common divisor of 20320 and n.
40
Suppose -32 + 0 = -4*h. Suppose -2*q + 11*x - h*x = -32, -4 = 2*x. Calculate the highest common factor of q and 65.
13
Let b be 288/10*32760/351. Calculate the highest common divisor of b and 378.
42
Suppose r + 3864 = 5*l, -3*l + 1542 = -l - 4*r. Let s = -703 + l. What is the highest common factor of s and 182?
14
Let z = -1573 + 882. Let b = -687 - z. Let u(r) = -12*r. Let d be u(-1). Calculate the greatest common divisor of b and d.
4
Let o = -301 + 472. Suppose -19*w + o = 19. Calculate the greatest common divisor of w and 8.
8
Let f(l) = 275*l - 2788. Let h be f(15). Calculate the highest common divisor of h and 63.
7
Let q(c) = 7*c**2 - c - 4. Let h be q(3). Let i = 168 - -420. Let m be 8/(4/(-6)*(-18)/i). Calculate the highest common factor of h and m.
56
Let u be (26 + -41)/(1/(-9)). Calculate the greatest common divisor of 621 and u.
27
Let j be 8/(24/21) - -19932. Calculate the highest common factor of 157 and j.
157
Let s be 198/55*(-20)/(-6). Suppose 3*d - 168 = -3*f, -2*f + 48 = d + 3*f. Let v = d - 55. What is the highest common factor of v and s?
3
Let i = -56049 - -56058. Suppose -21 = -2*k - k. Calculate the highest common divisor of k and i.
1
Let s = 347 + -316. Suppose 3*p = j - 13, -j - 2*p - 23 = -s. What is the greatest common divisor of j and 830?
10
Let i = -5 - -27. Suppose -19*b = -i*b + 27. Let o be 560/24 + (-3)/b. Calculate the highest common factor of 138 and o.
23
Let g = 83621 + -83599. Let t(p) = 7*p**2 + 4*p + 4. Let h be t(-3). Calculate the highest common divisor of h and g.
11
Let s = 60 - 87. Let y = 46 - 74. Let j = s - y. Calculate the greatest common divisor of 11 and j.
1
Let q be 6 - (-198)/(-12) - 3/2. Let s be 99/12 + (-9)/q. Suppose 2*j - 2*c - 6 = 0, 2*j + c - 6*c - 12 = 0. Calculate the highest common divisor of j and s.
1
Let o(w) = -11*w - 62. Let s be o(-8). Let m(r) = -61*r + 799. Let f be m(5). Calculate the highest common factor of s and f.
26
Let c(k) = 30 - k**2 + 9*k + k - 38. Suppose -4*z - 3*a + 47 = 0, -2*a = -0*z + z - 18. Let d be c(z). Calculate the greatest common divisor of d and 1.
1
Suppose -6*i + q - 13 = -9*i, -i - 3*q - 9 = 0. Let a be 1 + (-4827 - i)/(-3). What is the greatest common divisor of a and 62?
62
Suppose 3*f = 12*f - 252. Suppose -37 = -5*d - 17. Suppose -2 = -2*z - 2*r + d, 3*r = -3. What is the highest common divisor of z and f?
4
Let k(o) = -5*o - 30. Let w be (84/8)/((-3)/4). Let v(a) = -a**2 - 12*a + 19. Let q be v(w). Let u be k(q). Calculate the greatest common factor of 75 and u.
15
Let f = -14707 - -16873. Calculate the greatest common factor of f and 6.
6
Let s = 509 - 358. Let t = 155 - s. Let x be (0 - -9)/(825/204 - t). What is the greatest common divisor of x and 12?
12
Suppose 1219971 - 243138 = 39*n. Calculate the greatest common factor of n and 69.
69
Let i = 25 - 18. Suppose 0 = 573*n - 576*n + 567. What is the highest common factor of n and i?
7
Let r(b) = -b**3 - 52*b**2 + 194*b + 48. Let y be r(-56). What is the greatest common divisor of y and 594?
54
Let q(x) = -9*x + 30. Let s be q(3). Suppose 0 = 4*b - s + 11. Let h be ((-1)/b - 36/8) + 16. Calculate the highest common divisor of 16 and h.
4
Let x be 2569/287 - 388/(-7954). Let t be 1 - 9/3 - -4. Suppose -t*s + 297 = s. What is the highest common divisor of x and s?
9
Let m be ((-51)/6)/(1/(-4)). Let b = 33 - m. Let v be b + -2 + 2 - -51. Calculate the highest common factor of 10 and v.
10
Let t(z) = -z**3 + 17*z**2 + 15*z - 22. Let c be t(10). Calculate the greatest common factor of c and 12.
12
Suppose -3 - 22 = -5*l. Suppose 0*g - 3*g = l*i - 8, 3*g = 3*i - 24. Let f be (56/(-12) + 10/2)*30. What is the highest common divisor of f and i?
2
Suppose -2*i - 8*x + 990 = 0, 0*i + i - 5*x = 468. Calculate the greatest common divisor of i and 567.
21
Let i(z) = -12*z**3 + 10*z**2 + 4*z + 21. Let v be i(-5). What is the greatest common divisor of v and 309?
103
Let k(m) = 3*m**2 - 10*m + 14. Let f be k(6). Suppose -174 = 2*w - f. Let p = w + 69. Calculate the greatest common divisor of 26 and p.
13
Let j be 18450/(-120)*12/(-15). Calculate the highest common factor of j and 13161.
123
Suppose -24481 - 13823 = -38*d. Suppose 0 = 7*f + f - d. What is the greatest common factor of f and 6?
6
Suppose -3*i + 229 = -r, -4*r + 5*r + 2*i + 214 = 0. Let u = 120 + r. Let s = -75 - u. What is the greatest common factor of 20 and s?
5
Suppose c + 15 - 14 = 0. Let m be (82/(-2) - c)/(4/(-14)). What is the greatest common factor of m and 84?
28
Let h = 859 + -832. What is the greatest common factor of 243 and h?
27
Let z(s) = 2 + 2 - 49*s**2 + s**3 + 10 + 78*s**2 - 36*s**2 + 2*s. Let k be z(7). What is the greatest common factor of k and 8?
4
Let d(r) = -15 - 30*r**3 + 29*r**3 + 6*r + 4*r - 15*r**2. Let b be d(-16). Calculate the greatest common factor of b and 18.
9
Let q = -7324 + 8197. Calculate the greatest common divisor of 36 and q.
9
Let n be -1250 - (0 - 10/(-5)). Let i = 496 + n. Let x = -360 - i. Calculate the greatest common factor of x and 44.
44
Let k(f) = -102*f**3 + 6*f**2 + 9*f - 6. Let v be k(-2). What is the greatest common factor of 1122 and v?
102
Suppose -5*o - 4150 = i - 5*i, -o + 5*i = 851. Let c = -566 - o. Calculate the highest common divisor of c and 20.
20
Suppose -7 = -2*z + 5*g, -16*z + 12*z = g - 3. Suppose -2*o = -5*b - z + 70, o + 28 = 2*b. What is the highest common divisor of b and 1?
1
Suppose -26*x + 4*x - 704 = 0. Let c = -6 - x. Calculate the highest common divisor of 26 and c.
26
Let z = -280 + 280. Let g(r) = 6*r + 64. Let v be g(z). Let w(f) = -9*f - 2. Let x be w(-2). What is the highest common divisor of x and v?
16
Suppose 0 = t - 4*t + 9. Suppose 4*y - t*b - 743 = -6*b, 2*b + 368 = 2*y. Calculate the greatest common factor of 111 and y.
37
Suppose -170*t + 1870 = 510. Let u = -10 + 6. Let l(g) = g**3 + 6*g**2 + 6*g. Let x be l(u). Calculate the greatest common factor of t and x.
8
Suppose -46*b - 22*b = 37*b - 5670. What is the highest common divisor 